{"id":7651,"date":"2023-04-13T11:06:11","date_gmt":"2023-04-13T09:06:11","guid":{"rendered":"https:\/\/exceptionaudio.fr\/site\/?post_type=product&#038;p=7651"},"modified":"2026-03-27T09:37:13","modified_gmt":"2026-03-27T08:37:13","slug":"innuos-zenmini-mk3-s","status":"publish","type":"product","link":"https:\/\/exceptionaudio.fr\/site\/produit\/innuos-zenmini-mk3-s\/","title":{"rendered":"Innuos ZENmini Mk3 S"},"content":{"rendered":"","protected":false},"excerpt":{"rendered":"<p>Le Innuos ZENmini Mk3 S \u00a0est une variante du c\u00e9l\u00e8bre serveur audio <a href=\"https:\/\/exceptionaudio.fr\/site\/produit\/innuos-zenmini-mk3\/\">ZENmini Mk3<\/a>. Il int\u00e8gre d\u00e9sormais un stockage interne SSD\u00a0tout en augmentant la RAM du syst\u00e8me de 4 \u00e0 8 Go pour un fonctionnement plus silencieux et\u00a0des performances encore plus \u00e9lev\u00e9es.\u00a0Vous pourrez acc\u00e9der \u00e0 vos plateformes de musique en ligne tel que Qobuz, Tidal ou encore Spotify. Gr\u00e2ce \u00e0 son disque dur, vous pourrez stocker toute votre biblioth\u00e8que musicale, ripper vos CD ou encore l\u2019utiliser en tant que serveur Roon Core. Vous pourrez le connecter \u00e0 votre DAC ou directement sur votre ampli via ses sorties analogiques RCA. Avec son faible encombrement, ses fonctionnalit\u00e9s et sa musicalit\u00e9, le ZENmini est un incontournable\u00a0!<\/p>\n","protected":false},"featured_media":7485,"template":"","meta":[],"product_brand":[],"product_cat":[241],"product_tag":[235],"class_list":{"0":"post-7651","1":"product","2":"type-product","3":"status-publish","4":"has-post-thumbnail","6":"product_cat-archives","7":"product_tag-innuos","9":"first","10":"outofstock","11":"taxable","12":"shipping-taxable","13":"purchasable","14":"product-type-variable"},"yoast_head":"<!-- This site is optimized with the Yoast SEO plugin v27.4 - https:\/\/yoast.com\/product\/yoast-seo-wordpress\/ -->\n<title>Innuos ZENmini Mk3 S - Serveur audio hifi - Exception Audio<\/title>\n<meta name=\"description\" content=\"Le Innuos ZENmini Mk3 S est une nouvelle variante du c\u00e9l\u00e8bre serveur audio et streamer ZENmini Mk3, d\u00e9sormais dot\u00e9 d\u2019un stockage SSD.\" \/>\n<meta name=\"robots\" content=\"index, follow, max-snippet:-1, max-image-preview:large, max-video-preview:-1\" \/>\n<link rel=\"canonical\" href=\"https:\/\/exceptionaudio.fr\/site\/produit\/innuos-zenmini-mk3-s\/\" \/>\n<meta property=\"og:locale\" content=\"fr_FR\" \/>\n<meta property=\"og:type\" content=\"article\" \/>\n<meta property=\"og:title\" content=\"Innuos ZENmini Mk3 S - Serveur audio hifi - Exception Audio\" \/>\n<meta property=\"og:description\" content=\"Le Innuos ZENmini Mk3 S est une nouvelle variante du c\u00e9l\u00e8bre serveur audio et streamer ZENmini Mk3, d\u00e9sormais dot\u00e9 d\u2019un stockage SSD.\" \/>\n<meta property=\"og:url\" content=\"https:\/\/exceptionaudio.fr\/site\/produit\/innuos-zenmini-mk3-s\/\" \/>\n<meta property=\"og:site_name\" content=\"Exception Audio\" \/>\n<meta property=\"article:publisher\" content=\"https:\/\/www.facebook.com\/ExceptionAudio\" \/>\n<meta property=\"article:modified_time\" content=\"2026-03-27T08:37:13+00:00\" \/>\n<meta property=\"og:image\" content=\"https:\/\/exceptionaudio.fr\/site\/wp-content\/uploads\/2023\/02\/Innuos-ZENmini-Mk3.jpg\" \/>\n\t<meta property=\"og:image:width\" content=\"1000\" \/>\n\t<meta property=\"og:image:height\" content=\"1000\" \/>\n\t<meta property=\"og:image:type\" content=\"image\/jpeg\" \/>\n<meta name=\"twitter:card\" content=\"summary_large_image\" \/>\n<meta name=\"twitter:label1\" content=\"Dur\u00e9e de lecture estim\u00e9e\" \/>\n\t<meta name=\"twitter:data1\" content=\"1 minute\" \/>\n<script type=\"application\/ld+json\" class=\"yoast-schema-graph\">{\"@context\":\"https:\\\/\\\/schema.org\",\"@graph\":[{\"@type\":\"WebPage\",\"@id\":\"https:\\\/\\\/exceptionaudio.fr\\\/site\\\/produit\\\/innuos-zenmini-mk3-s\\\/\",\"url\":\"https:\\\/\\\/exceptionaudio.fr\\\/site\\\/produit\\\/innuos-zenmini-mk3-s\\\/\",\"name\":\"Innuos ZENmini Mk3 S - Serveur audio hifi - Exception Audio\",\"isPartOf\":{\"@id\":\"https:\\\/\\\/exceptionaudio.fr\\\/site\\\/#website\"},\"primaryImageOfPage\":{\"@id\":\"https:\\\/\\\/exceptionaudio.fr\\\/site\\\/produit\\\/innuos-zenmini-mk3-s\\\/#primaryimage\"},\"image\":{\"@id\":\"https:\\\/\\\/exceptionaudio.fr\\\/site\\\/produit\\\/innuos-zenmini-mk3-s\\\/#primaryimage\"},\"thumbnailUrl\":\"https:\\\/\\\/exceptionaudio.fr\\\/site\\\/wp-content\\\/uploads\\\/2023\\\/02\\\/Innuos-ZENmini-Mk3.jpg\",\"datePublished\":\"2023-04-13T09:06:11+00:00\",\"dateModified\":\"2026-03-27T08:37:13+00:00\",\"description\":\"Le Innuos ZENmini Mk3 S est une nouvelle variante du c\u00e9l\u00e8bre serveur audio et streamer ZENmini Mk3, d\u00e9sormais dot\u00e9 d\u2019un stockage SSD.\",\"breadcrumb\":{\"@id\":\"https:\\\/\\\/exceptionaudio.fr\\\/site\\\/produit\\\/innuos-zenmini-mk3-s\\\/#breadcrumb\"},\"inLanguage\":\"fr-FR\",\"potentialAction\":[{\"@type\":\"ReadAction\",\"target\":[\"https:\\\/\\\/exceptionaudio.fr\\\/site\\\/produit\\\/innuos-zenmini-mk3-s\\\/\"]}]},{\"@type\":\"ImageObject\",\"inLanguage\":\"fr-FR\",\"@id\":\"https:\\\/\\\/exceptionaudio.fr\\\/site\\\/produit\\\/innuos-zenmini-mk3-s\\\/#primaryimage\",\"url\":\"https:\\\/\\\/exceptionaudio.fr\\\/site\\\/wp-content\\\/uploads\\\/2023\\\/02\\\/Innuos-ZENmini-Mk3.jpg\",\"contentUrl\":\"https:\\\/\\\/exceptionaudio.fr\\\/site\\\/wp-content\\\/uploads\\\/2023\\\/02\\\/Innuos-ZENmini-Mk3.jpg\",\"width\":1000,\"height\":1000,\"caption\":\"serveur audio streamer hifi Innuos zenmini mk3 roon upnp ripper cd\"},{\"@type\":\"BreadcrumbList\",\"@id\":\"https:\\\/\\\/exceptionaudio.fr\\\/site\\\/produit\\\/innuos-zenmini-mk3-s\\\/#breadcrumb\",\"itemListElement\":[{\"@type\":\"ListItem\",\"position\":1,\"name\":\"Accueil\",\"item\":\"https:\\\/\\\/exceptionaudio.fr\\\/site\\\/\"},{\"@type\":\"ListItem\",\"position\":2,\"name\":\"Boutique\",\"item\":\"https:\\\/\\\/exceptionaudio.fr\\\/site\\\/boutique\\\/\"},{\"@type\":\"ListItem\",\"position\":3,\"name\":\"Innuos ZENmini Mk3 S\"}]},{\"@type\":\"WebSite\",\"@id\":\"https:\\\/\\\/exceptionaudio.fr\\\/site\\\/#website\",\"url\":\"https:\\\/\\\/exceptionaudio.fr\\\/site\\\/\",\"name\":\"Exception Audio\",\"description\":\"Magasin hi-fi Antibes\",\"publisher\":{\"@id\":\"https:\\\/\\\/exceptionaudio.fr\\\/site\\\/#organization\"},\"potentialAction\":[{\"@type\":\"SearchAction\",\"target\":{\"@type\":\"EntryPoint\",\"urlTemplate\":\"https:\\\/\\\/exceptionaudio.fr\\\/site\\\/?s={search_term_string}\"},\"query-input\":{\"@type\":\"PropertyValueSpecification\",\"valueRequired\":true,\"valueName\":\"search_term_string\"}}],\"inLanguage\":\"fr-FR\"},{\"@type\":\"Organization\",\"@id\":\"https:\\\/\\\/exceptionaudio.fr\\\/site\\\/#organization\",\"name\":\"Exception Audio\",\"url\":\"https:\\\/\\\/exceptionaudio.fr\\\/site\\\/\",\"logo\":{\"@type\":\"ImageObject\",\"inLanguage\":\"fr-FR\",\"@id\":\"https:\\\/\\\/exceptionaudio.fr\\\/site\\\/#\\\/schema\\\/logo\\\/image\\\/\",\"url\":\"https:\\\/\\\/exceptionaudio.fr\\\/site\\\/wp-content\\\/uploads\\\/2021\\\/10\\\/largeur-exception-audio-logos-noir.png\",\"contentUrl\":\"https:\\\/\\\/exceptionaudio.fr\\\/site\\\/wp-content\\\/uploads\\\/2021\\\/10\\\/largeur-exception-audio-logos-noir.png\",\"width\":357,\"height\":54,\"caption\":\"Exception Audio\"},\"image\":{\"@id\":\"https:\\\/\\\/exceptionaudio.fr\\\/site\\\/#\\\/schema\\\/logo\\\/image\\\/\"},\"sameAs\":[\"https:\\\/\\\/www.facebook.com\\\/ExceptionAudio\",\"https:\\\/\\\/www.instagram.com\\\/exception_audio\\\/\"]}]}<\/script>\n<!-- \/ Yoast SEO plugin. -->","yoast_head_json":{"title":"Innuos ZENmini Mk3 S - Serveur audio hifi - Exception Audio","description":"Le Innuos ZENmini Mk3 S est une nouvelle variante du c\u00e9l\u00e8bre serveur audio et streamer ZENmini Mk3, d\u00e9sormais dot\u00e9 d\u2019un stockage SSD.","robots":{"index":"index","follow":"follow","max-snippet":"max-snippet:-1","max-image-preview":"max-image-preview:large","max-video-preview":"max-video-preview:-1"},"canonical":"https:\/\/exceptionaudio.fr\/site\/produit\/innuos-zenmini-mk3-s\/","og_locale":"fr_FR","og_type":"article","og_title":"Innuos ZENmini Mk3 S - Serveur audio hifi - Exception Audio","og_description":"Le Innuos ZENmini Mk3 S est une nouvelle variante du c\u00e9l\u00e8bre serveur audio et streamer ZENmini Mk3, d\u00e9sormais dot\u00e9 d\u2019un stockage SSD.","og_url":"https:\/\/exceptionaudio.fr\/site\/produit\/innuos-zenmini-mk3-s\/","og_site_name":"Exception Audio","article_publisher":"https:\/\/www.facebook.com\/ExceptionAudio","article_modified_time":"2026-03-27T08:37:13+00:00","og_image":[{"width":1000,"height":1000,"url":"https:\/\/exceptionaudio.fr\/site\/wp-content\/uploads\/2023\/02\/Innuos-ZENmini-Mk3.jpg","type":"image\/jpeg"}],"twitter_card":"summary_large_image","twitter_misc":{"Dur\u00e9e de lecture estim\u00e9e":"1 minute"},"schema":{"@context":"https:\/\/schema.org","@graph":[{"@type":"WebPage","@id":"https:\/\/exceptionaudio.fr\/site\/produit\/innuos-zenmini-mk3-s\/","url":"https:\/\/exceptionaudio.fr\/site\/produit\/innuos-zenmini-mk3-s\/","name":"Innuos ZENmini Mk3 S - Serveur audio hifi - Exception Audio","isPartOf":{"@id":"https:\/\/exceptionaudio.fr\/site\/#website"},"primaryImageOfPage":{"@id":"https:\/\/exceptionaudio.fr\/site\/produit\/innuos-zenmini-mk3-s\/#primaryimage"},"image":{"@id":"https:\/\/exceptionaudio.fr\/site\/produit\/innuos-zenmini-mk3-s\/#primaryimage"},"thumbnailUrl":"https:\/\/exceptionaudio.fr\/site\/wp-content\/uploads\/2023\/02\/Innuos-ZENmini-Mk3.jpg","datePublished":"2023-04-13T09:06:11+00:00","dateModified":"2026-03-27T08:37:13+00:00","description":"Le Innuos ZENmini Mk3 S est une nouvelle variante du c\u00e9l\u00e8bre serveur audio et streamer ZENmini Mk3, d\u00e9sormais dot\u00e9 d\u2019un stockage SSD.","breadcrumb":{"@id":"https:\/\/exceptionaudio.fr\/site\/produit\/innuos-zenmini-mk3-s\/#breadcrumb"},"inLanguage":"fr-FR","potentialAction":[{"@type":"ReadAction","target":["https:\/\/exceptionaudio.fr\/site\/produit\/innuos-zenmini-mk3-s\/"]}]},{"@type":"ImageObject","inLanguage":"fr-FR","@id":"https:\/\/exceptionaudio.fr\/site\/produit\/innuos-zenmini-mk3-s\/#primaryimage","url":"https:\/\/exceptionaudio.fr\/site\/wp-content\/uploads\/2023\/02\/Innuos-ZENmini-Mk3.jpg","contentUrl":"https:\/\/exceptionaudio.fr\/site\/wp-content\/uploads\/2023\/02\/Innuos-ZENmini-Mk3.jpg","width":1000,"height":1000,"caption":"serveur audio streamer hifi Innuos zenmini mk3 roon upnp ripper cd"},{"@type":"BreadcrumbList","@id":"https:\/\/exceptionaudio.fr\/site\/produit\/innuos-zenmini-mk3-s\/#breadcrumb","itemListElement":[{"@type":"ListItem","position":1,"name":"Accueil","item":"https:\/\/exceptionaudio.fr\/site\/"},{"@type":"ListItem","position":2,"name":"Boutique","item":"https:\/\/exceptionaudio.fr\/site\/boutique\/"},{"@type":"ListItem","position":3,"name":"Innuos ZENmini Mk3 S"}]},{"@type":"WebSite","@id":"https:\/\/exceptionaudio.fr\/site\/#website","url":"https:\/\/exceptionaudio.fr\/site\/","name":"Exception Audio","description":"Magasin hi-fi Antibes","publisher":{"@id":"https:\/\/exceptionaudio.fr\/site\/#organization"},"potentialAction":[{"@type":"SearchAction","target":{"@type":"EntryPoint","urlTemplate":"https:\/\/exceptionaudio.fr\/site\/?s={search_term_string}"},"query-input":{"@type":"PropertyValueSpecification","valueRequired":true,"valueName":"search_term_string"}}],"inLanguage":"fr-FR"},{"@type":"Organization","@id":"https:\/\/exceptionaudio.fr\/site\/#organization","name":"Exception Audio","url":"https:\/\/exceptionaudio.fr\/site\/","logo":{"@type":"ImageObject","inLanguage":"fr-FR","@id":"https:\/\/exceptionaudio.fr\/site\/#\/schema\/logo\/image\/","url":"https:\/\/exceptionaudio.fr\/site\/wp-content\/uploads\/2021\/10\/largeur-exception-audio-logos-noir.png","contentUrl":"https:\/\/exceptionaudio.fr\/site\/wp-content\/uploads\/2021\/10\/largeur-exception-audio-logos-noir.png","width":357,"height":54,"caption":"Exception Audio"},"image":{"@id":"https:\/\/exceptionaudio.fr\/site\/#\/schema\/logo\/image\/"},"sameAs":["https:\/\/www.facebook.com\/ExceptionAudio","https:\/\/www.instagram.com\/exception_audio\/"]}]}},"_links":{"self":[{"href":"https:\/\/exceptionaudio.fr\/site\/wp-json\/wp\/v2\/product\/7651","targetHints":{"allow":["GET"]}}],"collection":[{"href":"https:\/\/exceptionaudio.fr\/site\/wp-json\/wp\/v2\/product"}],"about":[{"href":"https:\/\/exceptionaudio.fr\/site\/wp-json\/wp\/v2\/types\/product"}],"version-history":[{"count":2,"href":"https:\/\/exceptionaudio.fr\/site\/wp-json\/wp\/v2\/product\/7651\/revisions"}],"predecessor-version":[{"id":8809,"href":"https:\/\/exceptionaudio.fr\/site\/wp-json\/wp\/v2\/product\/7651\/revisions\/8809"}],"wp:featuredmedia":[{"embeddable":true,"href":"https:\/\/exceptionaudio.fr\/site\/wp-json\/wp\/v2\/media\/7485"}],"wp:attachment":[{"href":"https:\/\/exceptionaudio.fr\/site\/wp-json\/wp\/v2\/media?parent=7651"}],"wp:term":[{"taxonomy":"product_brand","embeddable":true,"href":"https:\/\/exceptionaudio.fr\/site\/wp-json\/wp\/v2\/product_brand?post=7651"},{"taxonomy":"product_cat","embeddable":true,"href":"https:\/\/exceptionaudio.fr\/site\/wp-json\/wp\/v2\/product_cat?post=7651"},{"taxonomy":"product_tag","embeddable":true,"href":"https:\/\/exceptionaudio.fr\/site\/wp-json\/wp\/v2\/product_tag?post=7651"}],"curies":[{"name":"wp","href":"https:\/\/api.w.org\/{rel}","templated":true}]}}