{"id":9436,"date":"2025-03-08T12:03:54","date_gmt":"2025-03-08T11:03:54","guid":{"rendered":"https:\/\/exceptionaudio.fr\/site\/?post_type=product&#038;p=9436"},"modified":"2026-01-21T10:24:36","modified_gmt":"2026-01-21T09:24:36","slug":"rega-brio-mk7-ampli-hifi","status":"publish","type":"product","link":"https:\/\/exceptionaudio.fr\/site\/produit\/rega-brio-mk7-ampli-hifi\/","title":{"rendered":"Rega Brio Mk7"},"content":{"rendered":"","protected":false},"excerpt":{"rendered":"<p style=\"font-weight: 400;\">Le <strong>Brio Mk7<\/strong> remplace un mod\u00e8le l\u00e9gendaire du fabricant anglais Rega, le <a href=\"https:\/\/exceptionaudio.fr\/site\/produit\/amplificateur-hifi-rega-brio\/\">Brio<\/a>. Le <strong>Rega Brio Mk7<\/strong> est un amplificateur int\u00e9gr\u00e9 de 2<strong>x50 W sous 8\u03a9<\/strong> qui int\u00e8gre d\u00e9sormais un <strong>DAC avec deux entr\u00e9es num\u00e9riques<\/strong> ainsi qu\u2019une <strong>entr\u00e9e phono MM<\/strong>. Son bo\u00eetier compact en <strong>aluminium<\/strong> abrite une nouvelle version, <strong>enti\u00e8rement repens\u00e9e<\/strong>. De la qualit\u00e9 des mat\u00e9riaux au processus de fabrication, le Brio MK7 est le Brio le plus <strong>complet<\/strong> et le plus <strong>musical<\/strong> de tous les temps.<\/p>\n","protected":false},"featured_media":9437,"template":"","meta":[],"product_brand":[],"product_cat":[93,94],"product_tag":[199],"class_list":{"0":"post-9436","1":"product","2":"type-product","3":"status-publish","4":"has-post-thumbnail","6":"product_cat-amplification-hifi","7":"product_cat-amplificateurs-integres","8":"product_tag-rega","10":"first","11":"instock","12":"taxable","13":"shipping-taxable","14":"purchasable","15":"product-type-simple"},"yoast_head":"<!-- This site is optimized with the Yoast SEO plugin v27.3 - https:\/\/yoast.com\/product\/yoast-seo-wordpress\/ -->\n<title>Rega Brio Mk7 - Amplificateur int\u00e9gr\u00e9 hifi - Exception Audio<\/title>\n<meta name=\"description\" content=\"Rega Brio Mk7 : amplificateur int\u00e9gr\u00e9 HiFi d\u00e9veloppant 50 watts par canal avec un DAC et une entr\u00e9e phono MM pour y relier une platine vinyle\" \/>\n<meta name=\"robots\" content=\"index, follow, max-snippet:-1, max-image-preview:large, max-video-preview:-1\" \/>\n<link rel=\"canonical\" href=\"https:\/\/exceptionaudio.fr\/site\/produit\/rega-brio-mk7-ampli-hifi\/\" \/>\n<meta property=\"og:locale\" content=\"fr_FR\" \/>\n<meta property=\"og:type\" content=\"article\" \/>\n<meta property=\"og:title\" content=\"Rega Brio Mk7 - Amplificateur int\u00e9gr\u00e9 hifi - Exception Audio\" \/>\n<meta property=\"og:description\" content=\"Rega Brio Mk7 : amplificateur int\u00e9gr\u00e9 HiFi d\u00e9veloppant 50 watts par canal avec un DAC et une entr\u00e9e phono MM pour y relier une platine vinyle\" \/>\n<meta property=\"og:url\" content=\"https:\/\/exceptionaudio.fr\/site\/produit\/rega-brio-mk7-ampli-hifi\/\" \/>\n<meta property=\"og:site_name\" content=\"Exception Audio\" \/>\n<meta property=\"article:publisher\" content=\"https:\/\/www.facebook.com\/ExceptionAudio\" \/>\n<meta property=\"article:modified_time\" content=\"2026-01-21T09:24:36+00:00\" \/>\n<meta property=\"og:image\" content=\"https:\/\/exceptionaudio.fr\/site\/wp-content\/uploads\/2025\/03\/Rega-Brio-Mk7-facade.jpg\" \/>\n\t<meta property=\"og:image:width\" content=\"1000\" \/>\n\t<meta property=\"og:image:height\" content=\"1000\" \/>\n\t<meta property=\"og:image:type\" content=\"image\/jpeg\" \/>\n<meta name=\"twitter:card\" content=\"summary_large_image\" \/>\n<meta name=\"twitter:label1\" content=\"Dur\u00e9e de lecture estim\u00e9e\" \/>\n\t<meta name=\"twitter:data1\" content=\"1 minute\" \/>\n<script type=\"application\/ld+json\" class=\"yoast-schema-graph\">{\"@context\":\"https:\\\/\\\/schema.org\",\"@graph\":[{\"@type\":\"WebPage\",\"@id\":\"https:\\\/\\\/exceptionaudio.fr\\\/site\\\/produit\\\/rega-brio-mk7-ampli-hifi\\\/\",\"url\":\"https:\\\/\\\/exceptionaudio.fr\\\/site\\\/produit\\\/rega-brio-mk7-ampli-hifi\\\/\",\"name\":\"Rega Brio Mk7 - Amplificateur int\u00e9gr\u00e9 hifi - Exception Audio\",\"isPartOf\":{\"@id\":\"https:\\\/\\\/exceptionaudio.fr\\\/site\\\/#website\"},\"primaryImageOfPage\":{\"@id\":\"https:\\\/\\\/exceptionaudio.fr\\\/site\\\/produit\\\/rega-brio-mk7-ampli-hifi\\\/#primaryimage\"},\"image\":{\"@id\":\"https:\\\/\\\/exceptionaudio.fr\\\/site\\\/produit\\\/rega-brio-mk7-ampli-hifi\\\/#primaryimage\"},\"thumbnailUrl\":\"https:\\\/\\\/exceptionaudio.fr\\\/site\\\/wp-content\\\/uploads\\\/2025\\\/03\\\/Rega-Brio-Mk7-facade.jpg\",\"datePublished\":\"2025-03-08T11:03:54+00:00\",\"dateModified\":\"2026-01-21T09:24:36+00:00\",\"description\":\"Rega Brio Mk7 : amplificateur int\u00e9gr\u00e9 HiFi d\u00e9veloppant 50 watts par canal avec un DAC et une entr\u00e9e phono MM pour y relier une platine vinyle\",\"breadcrumb\":{\"@id\":\"https:\\\/\\\/exceptionaudio.fr\\\/site\\\/produit\\\/rega-brio-mk7-ampli-hifi\\\/#breadcrumb\"},\"inLanguage\":\"fr-FR\",\"potentialAction\":[{\"@type\":\"ReadAction\",\"target\":[\"https:\\\/\\\/exceptionaudio.fr\\\/site\\\/produit\\\/rega-brio-mk7-ampli-hifi\\\/\"]}]},{\"@type\":\"ImageObject\",\"inLanguage\":\"fr-FR\",\"@id\":\"https:\\\/\\\/exceptionaudio.fr\\\/site\\\/produit\\\/rega-brio-mk7-ampli-hifi\\\/#primaryimage\",\"url\":\"https:\\\/\\\/exceptionaudio.fr\\\/site\\\/wp-content\\\/uploads\\\/2025\\\/03\\\/Rega-Brio-Mk7-facade.jpg\",\"contentUrl\":\"https:\\\/\\\/exceptionaudio.fr\\\/site\\\/wp-content\\\/uploads\\\/2025\\\/03\\\/Rega-Brio-Mk7-facade.jpg\",\"width\":1000,\"height\":1000,\"caption\":\"Rega Brio Mk7 ampli int\u00e9gr\u00e9 hifi DAC phono MM\"},{\"@type\":\"BreadcrumbList\",\"@id\":\"https:\\\/\\\/exceptionaudio.fr\\\/site\\\/produit\\\/rega-brio-mk7-ampli-hifi\\\/#breadcrumb\",\"itemListElement\":[{\"@type\":\"ListItem\",\"position\":1,\"name\":\"Accueil\",\"item\":\"https:\\\/\\\/exceptionaudio.fr\\\/site\\\/\"},{\"@type\":\"ListItem\",\"position\":2,\"name\":\"Boutique\",\"item\":\"https:\\\/\\\/exceptionaudio.fr\\\/site\\\/boutique\\\/\"},{\"@type\":\"ListItem\",\"position\":3,\"name\":\"Rega Brio Mk7\"}]},{\"@type\":\"WebSite\",\"@id\":\"https:\\\/\\\/exceptionaudio.fr\\\/site\\\/#website\",\"url\":\"https:\\\/\\\/exceptionaudio.fr\\\/site\\\/\",\"name\":\"Exception Audio\",\"description\":\"Magasin hi-fi Antibes\",\"publisher\":{\"@id\":\"https:\\\/\\\/exceptionaudio.fr\\\/site\\\/#organization\"},\"potentialAction\":[{\"@type\":\"SearchAction\",\"target\":{\"@type\":\"EntryPoint\",\"urlTemplate\":\"https:\\\/\\\/exceptionaudio.fr\\\/site\\\/?s={search_term_string}\"},\"query-input\":{\"@type\":\"PropertyValueSpecification\",\"valueRequired\":true,\"valueName\":\"search_term_string\"}}],\"inLanguage\":\"fr-FR\"},{\"@type\":\"Organization\",\"@id\":\"https:\\\/\\\/exceptionaudio.fr\\\/site\\\/#organization\",\"name\":\"Exception Audio\",\"url\":\"https:\\\/\\\/exceptionaudio.fr\\\/site\\\/\",\"logo\":{\"@type\":\"ImageObject\",\"inLanguage\":\"fr-FR\",\"@id\":\"https:\\\/\\\/exceptionaudio.fr\\\/site\\\/#\\\/schema\\\/logo\\\/image\\\/\",\"url\":\"https:\\\/\\\/exceptionaudio.fr\\\/site\\\/wp-content\\\/uploads\\\/2021\\\/10\\\/largeur-exception-audio-logos-noir.png\",\"contentUrl\":\"https:\\\/\\\/exceptionaudio.fr\\\/site\\\/wp-content\\\/uploads\\\/2021\\\/10\\\/largeur-exception-audio-logos-noir.png\",\"width\":357,\"height\":54,\"caption\":\"Exception Audio\"},\"image\":{\"@id\":\"https:\\\/\\\/exceptionaudio.fr\\\/site\\\/#\\\/schema\\\/logo\\\/image\\\/\"},\"sameAs\":[\"https:\\\/\\\/www.facebook.com\\\/ExceptionAudio\",\"https:\\\/\\\/www.instagram.com\\\/exception_audio\\\/\"]}]}<\/script>\n<!-- \/ Yoast SEO plugin. -->","yoast_head_json":{"title":"Rega Brio Mk7 - Amplificateur int\u00e9gr\u00e9 hifi - Exception Audio","description":"Rega Brio Mk7 : amplificateur int\u00e9gr\u00e9 HiFi d\u00e9veloppant 50 watts par canal avec un DAC et une entr\u00e9e phono MM pour y relier une platine vinyle","robots":{"index":"index","follow":"follow","max-snippet":"max-snippet:-1","max-image-preview":"max-image-preview:large","max-video-preview":"max-video-preview:-1"},"canonical":"https:\/\/exceptionaudio.fr\/site\/produit\/rega-brio-mk7-ampli-hifi\/","og_locale":"fr_FR","og_type":"article","og_title":"Rega Brio Mk7 - Amplificateur int\u00e9gr\u00e9 hifi - Exception Audio","og_description":"Rega Brio Mk7 : amplificateur int\u00e9gr\u00e9 HiFi d\u00e9veloppant 50 watts par canal avec un DAC et une entr\u00e9e phono MM pour y relier une platine vinyle","og_url":"https:\/\/exceptionaudio.fr\/site\/produit\/rega-brio-mk7-ampli-hifi\/","og_site_name":"Exception Audio","article_publisher":"https:\/\/www.facebook.com\/ExceptionAudio","article_modified_time":"2026-01-21T09:24:36+00:00","og_image":[{"width":1000,"height":1000,"url":"https:\/\/exceptionaudio.fr\/site\/wp-content\/uploads\/2025\/03\/Rega-Brio-Mk7-facade.jpg","type":"image\/jpeg"}],"twitter_card":"summary_large_image","twitter_misc":{"Dur\u00e9e de lecture estim\u00e9e":"1 minute"},"schema":{"@context":"https:\/\/schema.org","@graph":[{"@type":"WebPage","@id":"https:\/\/exceptionaudio.fr\/site\/produit\/rega-brio-mk7-ampli-hifi\/","url":"https:\/\/exceptionaudio.fr\/site\/produit\/rega-brio-mk7-ampli-hifi\/","name":"Rega Brio Mk7 - Amplificateur int\u00e9gr\u00e9 hifi - Exception Audio","isPartOf":{"@id":"https:\/\/exceptionaudio.fr\/site\/#website"},"primaryImageOfPage":{"@id":"https:\/\/exceptionaudio.fr\/site\/produit\/rega-brio-mk7-ampli-hifi\/#primaryimage"},"image":{"@id":"https:\/\/exceptionaudio.fr\/site\/produit\/rega-brio-mk7-ampli-hifi\/#primaryimage"},"thumbnailUrl":"https:\/\/exceptionaudio.fr\/site\/wp-content\/uploads\/2025\/03\/Rega-Brio-Mk7-facade.jpg","datePublished":"2025-03-08T11:03:54+00:00","dateModified":"2026-01-21T09:24:36+00:00","description":"Rega Brio Mk7 : amplificateur int\u00e9gr\u00e9 HiFi d\u00e9veloppant 50 watts par canal avec un DAC et une entr\u00e9e phono MM pour y relier une platine vinyle","breadcrumb":{"@id":"https:\/\/exceptionaudio.fr\/site\/produit\/rega-brio-mk7-ampli-hifi\/#breadcrumb"},"inLanguage":"fr-FR","potentialAction":[{"@type":"ReadAction","target":["https:\/\/exceptionaudio.fr\/site\/produit\/rega-brio-mk7-ampli-hifi\/"]}]},{"@type":"ImageObject","inLanguage":"fr-FR","@id":"https:\/\/exceptionaudio.fr\/site\/produit\/rega-brio-mk7-ampli-hifi\/#primaryimage","url":"https:\/\/exceptionaudio.fr\/site\/wp-content\/uploads\/2025\/03\/Rega-Brio-Mk7-facade.jpg","contentUrl":"https:\/\/exceptionaudio.fr\/site\/wp-content\/uploads\/2025\/03\/Rega-Brio-Mk7-facade.jpg","width":1000,"height":1000,"caption":"Rega Brio Mk7 ampli int\u00e9gr\u00e9 hifi DAC phono MM"},{"@type":"BreadcrumbList","@id":"https:\/\/exceptionaudio.fr\/site\/produit\/rega-brio-mk7-ampli-hifi\/#breadcrumb","itemListElement":[{"@type":"ListItem","position":1,"name":"Accueil","item":"https:\/\/exceptionaudio.fr\/site\/"},{"@type":"ListItem","position":2,"name":"Boutique","item":"https:\/\/exceptionaudio.fr\/site\/boutique\/"},{"@type":"ListItem","position":3,"name":"Rega Brio Mk7"}]},{"@type":"WebSite","@id":"https:\/\/exceptionaudio.fr\/site\/#website","url":"https:\/\/exceptionaudio.fr\/site\/","name":"Exception Audio","description":"Magasin hi-fi Antibes","publisher":{"@id":"https:\/\/exceptionaudio.fr\/site\/#organization"},"potentialAction":[{"@type":"SearchAction","target":{"@type":"EntryPoint","urlTemplate":"https:\/\/exceptionaudio.fr\/site\/?s={search_term_string}"},"query-input":{"@type":"PropertyValueSpecification","valueRequired":true,"valueName":"search_term_string"}}],"inLanguage":"fr-FR"},{"@type":"Organization","@id":"https:\/\/exceptionaudio.fr\/site\/#organization","name":"Exception Audio","url":"https:\/\/exceptionaudio.fr\/site\/","logo":{"@type":"ImageObject","inLanguage":"fr-FR","@id":"https:\/\/exceptionaudio.fr\/site\/#\/schema\/logo\/image\/","url":"https:\/\/exceptionaudio.fr\/site\/wp-content\/uploads\/2021\/10\/largeur-exception-audio-logos-noir.png","contentUrl":"https:\/\/exceptionaudio.fr\/site\/wp-content\/uploads\/2021\/10\/largeur-exception-audio-logos-noir.png","width":357,"height":54,"caption":"Exception Audio"},"image":{"@id":"https:\/\/exceptionaudio.fr\/site\/#\/schema\/logo\/image\/"},"sameAs":["https:\/\/www.facebook.com\/ExceptionAudio","https:\/\/www.instagram.com\/exception_audio\/"]}]}},"_links":{"self":[{"href":"https:\/\/exceptionaudio.fr\/site\/wp-json\/wp\/v2\/product\/9436","targetHints":{"allow":["GET"]}}],"collection":[{"href":"https:\/\/exceptionaudio.fr\/site\/wp-json\/wp\/v2\/product"}],"about":[{"href":"https:\/\/exceptionaudio.fr\/site\/wp-json\/wp\/v2\/types\/product"}],"version-history":[{"count":2,"href":"https:\/\/exceptionaudio.fr\/site\/wp-json\/wp\/v2\/product\/9436\/revisions"}],"predecessor-version":[{"id":9831,"href":"https:\/\/exceptionaudio.fr\/site\/wp-json\/wp\/v2\/product\/9436\/revisions\/9831"}],"wp:featuredmedia":[{"embeddable":true,"href":"https:\/\/exceptionaudio.fr\/site\/wp-json\/wp\/v2\/media\/9437"}],"wp:attachment":[{"href":"https:\/\/exceptionaudio.fr\/site\/wp-json\/wp\/v2\/media?parent=9436"}],"wp:term":[{"taxonomy":"product_brand","embeddable":true,"href":"https:\/\/exceptionaudio.fr\/site\/wp-json\/wp\/v2\/product_brand?post=9436"},{"taxonomy":"product_cat","embeddable":true,"href":"https:\/\/exceptionaudio.fr\/site\/wp-json\/wp\/v2\/product_cat?post=9436"},{"taxonomy":"product_tag","embeddable":true,"href":"https:\/\/exceptionaudio.fr\/site\/wp-json\/wp\/v2\/product_tag?post=9436"}],"curies":[{"name":"wp","href":"https:\/\/api.w.org\/{rel}","templated":true}]}}