{"id":9510,"date":"2025-05-13T15:46:37","date_gmt":"2025-05-13T13:46:37","guid":{"rendered":"https:\/\/exceptionaudio.fr\/site\/?post_type=product&#038;p=9510"},"modified":"2025-05-13T15:59:32","modified_gmt":"2025-05-13T13:59:32","slug":"egglestonworks-andra-5","status":"publish","type":"product","link":"https:\/\/exceptionaudio.fr\/site\/produit\/egglestonworks-andra-5\/","title":{"rendered":"EgglestonWorks Andra 5"},"content":{"rendered":"","protected":false},"excerpt":{"rendered":"<p style=\"font-weight: 400;\">Peu de noms dans la haute-fid\u00e9lit\u00e9 sont aussi embl\u00e9matiques que l&rsquo;<a href=\"https:\/\/exceptionaudio.fr\/site\/etiquette-produit\/egglestonworks\/\">EgglestonWorks<\/a> Andra. En 1997, un groupe d&rsquo;artisans m\u00e9lomanes de Memphis a secou\u00e9 le monde audiophile avec les d\u00e9buts de l&rsquo;Andra. L&rsquo;Andra originale fut la premi\u00e8re enceinte \u00e0 recevoir la prestigieuse recommandation \u00ab\u00a0Classe A\u00a0\u00bb du magazine Stereophile. Le dernier n\u00e9 de l&rsquo;\u00e9volution d&rsquo;un produit aussi mythique, l&rsquo;Andra 5 succ\u00e9dant \u00e0 l\u2019<a href=\"https:\/\/exceptionaudio.fr\/site\/produit\/enceinte-colonne-egglestonworks-andra-iii-se\/\">Andra III SE<\/a> ne d\u00e9\u00e7oit pas. L&rsquo;Andra V est clairement digne de sa r\u00e9putation.<\/p>\n","protected":false},"featured_media":9516,"template":"","meta":[],"product_brand":[],"product_cat":[90,91],"product_tag":[164],"class_list":{"0":"post-9510","1":"product","2":"type-product","3":"status-publish","4":"has-post-thumbnail","6":"product_cat-enceintes-bibliotheques-colonnes-hifi","7":"product_cat-enceintes-colonnes","8":"product_tag-egglestonworks","10":"first","11":"instock","12":"taxable","13":"shipping-taxable","14":"purchasable","15":"product-type-variable"},"yoast_head":"<!-- This site is optimized with the Yoast SEO plugin v27.4 - https:\/\/yoast.com\/product\/yoast-seo-wordpress\/ -->\n<title>EgglestonWorks Andra 5 - Enceintes hifi - Exception Audio<\/title>\n<meta name=\"description\" content=\"Peu de noms dans la haute-fid\u00e9lit\u00e9 sont aussi embl\u00e9matiques que l&#039;EgglestonWorks Andra. Le dernier n\u00e9, l&#039;Andra 5 succ\u00e9dant \u00e0 l\u2019Andra III SE ne d\u00e9\u00e7oit pas !\" \/>\n<meta name=\"robots\" content=\"index, follow, max-snippet:-1, max-image-preview:large, max-video-preview:-1\" \/>\n<link rel=\"canonical\" href=\"https:\/\/exceptionaudio.fr\/site\/produit\/egglestonworks-andra-5\/\" \/>\n<meta property=\"og:locale\" content=\"fr_FR\" \/>\n<meta property=\"og:type\" content=\"article\" \/>\n<meta property=\"og:title\" content=\"EgglestonWorks Andra 5 - Enceintes hifi - Exception Audio\" \/>\n<meta property=\"og:description\" content=\"Peu de noms dans la haute-fid\u00e9lit\u00e9 sont aussi embl\u00e9matiques que l&#039;EgglestonWorks Andra. Le dernier n\u00e9, l&#039;Andra 5 succ\u00e9dant \u00e0 l\u2019Andra III SE ne d\u00e9\u00e7oit pas !\" \/>\n<meta property=\"og:url\" content=\"https:\/\/exceptionaudio.fr\/site\/produit\/egglestonworks-andra-5\/\" \/>\n<meta property=\"og:site_name\" content=\"Exception Audio\" \/>\n<meta property=\"article:publisher\" content=\"https:\/\/www.facebook.com\/ExceptionAudio\" \/>\n<meta property=\"article:modified_time\" content=\"2025-05-13T13:59:32+00:00\" \/>\n<meta property=\"og:image\" content=\"https:\/\/exceptionaudio.fr\/site\/wp-content\/uploads\/2025\/05\/Egglestonworks-Andra-5.jpg\" \/>\n\t<meta property=\"og:image:width\" content=\"1000\" \/>\n\t<meta property=\"og:image:height\" content=\"1000\" \/>\n\t<meta property=\"og:image:type\" content=\"image\/jpeg\" \/>\n<meta name=\"twitter:card\" content=\"summary_large_image\" \/>\n<meta name=\"twitter:label1\" content=\"Dur\u00e9e de lecture estim\u00e9e\" \/>\n\t<meta name=\"twitter:data1\" content=\"1 minute\" \/>\n<script type=\"application\/ld+json\" class=\"yoast-schema-graph\">{\"@context\":\"https:\\\/\\\/schema.org\",\"@graph\":[{\"@type\":\"WebPage\",\"@id\":\"https:\\\/\\\/exceptionaudio.fr\\\/site\\\/produit\\\/egglestonworks-andra-5\\\/\",\"url\":\"https:\\\/\\\/exceptionaudio.fr\\\/site\\\/produit\\\/egglestonworks-andra-5\\\/\",\"name\":\"EgglestonWorks Andra 5 - Enceintes hifi - Exception Audio\",\"isPartOf\":{\"@id\":\"https:\\\/\\\/exceptionaudio.fr\\\/site\\\/#website\"},\"primaryImageOfPage\":{\"@id\":\"https:\\\/\\\/exceptionaudio.fr\\\/site\\\/produit\\\/egglestonworks-andra-5\\\/#primaryimage\"},\"image\":{\"@id\":\"https:\\\/\\\/exceptionaudio.fr\\\/site\\\/produit\\\/egglestonworks-andra-5\\\/#primaryimage\"},\"thumbnailUrl\":\"https:\\\/\\\/exceptionaudio.fr\\\/site\\\/wp-content\\\/uploads\\\/2025\\\/05\\\/Egglestonworks-Andra-5.jpg\",\"datePublished\":\"2025-05-13T13:46:37+00:00\",\"dateModified\":\"2025-05-13T13:59:32+00:00\",\"description\":\"Peu de noms dans la haute-fid\u00e9lit\u00e9 sont aussi embl\u00e9matiques que l'EgglestonWorks Andra. Le dernier n\u00e9, l'Andra 5 succ\u00e9dant \u00e0 l\u2019Andra III SE ne d\u00e9\u00e7oit pas !\",\"breadcrumb\":{\"@id\":\"https:\\\/\\\/exceptionaudio.fr\\\/site\\\/produit\\\/egglestonworks-andra-5\\\/#breadcrumb\"},\"inLanguage\":\"fr-FR\",\"potentialAction\":[{\"@type\":\"ReadAction\",\"target\":[\"https:\\\/\\\/exceptionaudio.fr\\\/site\\\/produit\\\/egglestonworks-andra-5\\\/\"]}]},{\"@type\":\"ImageObject\",\"inLanguage\":\"fr-FR\",\"@id\":\"https:\\\/\\\/exceptionaudio.fr\\\/site\\\/produit\\\/egglestonworks-andra-5\\\/#primaryimage\",\"url\":\"https:\\\/\\\/exceptionaudio.fr\\\/site\\\/wp-content\\\/uploads\\\/2025\\\/05\\\/Egglestonworks-Andra-5.jpg\",\"contentUrl\":\"https:\\\/\\\/exceptionaudio.fr\\\/site\\\/wp-content\\\/uploads\\\/2025\\\/05\\\/Egglestonworks-Andra-5.jpg\",\"width\":1000,\"height\":1000,\"caption\":\"Egglestonworks Andra 5\"},{\"@type\":\"BreadcrumbList\",\"@id\":\"https:\\\/\\\/exceptionaudio.fr\\\/site\\\/produit\\\/egglestonworks-andra-5\\\/#breadcrumb\",\"itemListElement\":[{\"@type\":\"ListItem\",\"position\":1,\"name\":\"Accueil\",\"item\":\"https:\\\/\\\/exceptionaudio.fr\\\/site\\\/\"},{\"@type\":\"ListItem\",\"position\":2,\"name\":\"Boutique\",\"item\":\"https:\\\/\\\/exceptionaudio.fr\\\/site\\\/boutique\\\/\"},{\"@type\":\"ListItem\",\"position\":3,\"name\":\"EgglestonWorks Andra 5\"}]},{\"@type\":\"WebSite\",\"@id\":\"https:\\\/\\\/exceptionaudio.fr\\\/site\\\/#website\",\"url\":\"https:\\\/\\\/exceptionaudio.fr\\\/site\\\/\",\"name\":\"Exception Audio\",\"description\":\"Magasin hi-fi Antibes\",\"publisher\":{\"@id\":\"https:\\\/\\\/exceptionaudio.fr\\\/site\\\/#organization\"},\"potentialAction\":[{\"@type\":\"SearchAction\",\"target\":{\"@type\":\"EntryPoint\",\"urlTemplate\":\"https:\\\/\\\/exceptionaudio.fr\\\/site\\\/?s={search_term_string}\"},\"query-input\":{\"@type\":\"PropertyValueSpecification\",\"valueRequired\":true,\"valueName\":\"search_term_string\"}}],\"inLanguage\":\"fr-FR\"},{\"@type\":\"Organization\",\"@id\":\"https:\\\/\\\/exceptionaudio.fr\\\/site\\\/#organization\",\"name\":\"Exception Audio\",\"url\":\"https:\\\/\\\/exceptionaudio.fr\\\/site\\\/\",\"logo\":{\"@type\":\"ImageObject\",\"inLanguage\":\"fr-FR\",\"@id\":\"https:\\\/\\\/exceptionaudio.fr\\\/site\\\/#\\\/schema\\\/logo\\\/image\\\/\",\"url\":\"https:\\\/\\\/exceptionaudio.fr\\\/site\\\/wp-content\\\/uploads\\\/2021\\\/10\\\/largeur-exception-audio-logos-noir.png\",\"contentUrl\":\"https:\\\/\\\/exceptionaudio.fr\\\/site\\\/wp-content\\\/uploads\\\/2021\\\/10\\\/largeur-exception-audio-logos-noir.png\",\"width\":357,\"height\":54,\"caption\":\"Exception Audio\"},\"image\":{\"@id\":\"https:\\\/\\\/exceptionaudio.fr\\\/site\\\/#\\\/schema\\\/logo\\\/image\\\/\"},\"sameAs\":[\"https:\\\/\\\/www.facebook.com\\\/ExceptionAudio\",\"https:\\\/\\\/www.instagram.com\\\/exception_audio\\\/\"]}]}<\/script>\n<!-- \/ Yoast SEO plugin. -->","yoast_head_json":{"title":"EgglestonWorks Andra 5 - Enceintes hifi - Exception Audio","description":"Peu de noms dans la haute-fid\u00e9lit\u00e9 sont aussi embl\u00e9matiques que l'EgglestonWorks Andra. Le dernier n\u00e9, l'Andra 5 succ\u00e9dant \u00e0 l\u2019Andra III SE ne d\u00e9\u00e7oit pas !","robots":{"index":"index","follow":"follow","max-snippet":"max-snippet:-1","max-image-preview":"max-image-preview:large","max-video-preview":"max-video-preview:-1"},"canonical":"https:\/\/exceptionaudio.fr\/site\/produit\/egglestonworks-andra-5\/","og_locale":"fr_FR","og_type":"article","og_title":"EgglestonWorks Andra 5 - Enceintes hifi - Exception Audio","og_description":"Peu de noms dans la haute-fid\u00e9lit\u00e9 sont aussi embl\u00e9matiques que l'EgglestonWorks Andra. Le dernier n\u00e9, l'Andra 5 succ\u00e9dant \u00e0 l\u2019Andra III SE ne d\u00e9\u00e7oit pas !","og_url":"https:\/\/exceptionaudio.fr\/site\/produit\/egglestonworks-andra-5\/","og_site_name":"Exception Audio","article_publisher":"https:\/\/www.facebook.com\/ExceptionAudio","article_modified_time":"2025-05-13T13:59:32+00:00","og_image":[{"width":1000,"height":1000,"url":"https:\/\/exceptionaudio.fr\/site\/wp-content\/uploads\/2025\/05\/Egglestonworks-Andra-5.jpg","type":"image\/jpeg"}],"twitter_card":"summary_large_image","twitter_misc":{"Dur\u00e9e de lecture estim\u00e9e":"1 minute"},"schema":{"@context":"https:\/\/schema.org","@graph":[{"@type":"WebPage","@id":"https:\/\/exceptionaudio.fr\/site\/produit\/egglestonworks-andra-5\/","url":"https:\/\/exceptionaudio.fr\/site\/produit\/egglestonworks-andra-5\/","name":"EgglestonWorks Andra 5 - Enceintes hifi - Exception Audio","isPartOf":{"@id":"https:\/\/exceptionaudio.fr\/site\/#website"},"primaryImageOfPage":{"@id":"https:\/\/exceptionaudio.fr\/site\/produit\/egglestonworks-andra-5\/#primaryimage"},"image":{"@id":"https:\/\/exceptionaudio.fr\/site\/produit\/egglestonworks-andra-5\/#primaryimage"},"thumbnailUrl":"https:\/\/exceptionaudio.fr\/site\/wp-content\/uploads\/2025\/05\/Egglestonworks-Andra-5.jpg","datePublished":"2025-05-13T13:46:37+00:00","dateModified":"2025-05-13T13:59:32+00:00","description":"Peu de noms dans la haute-fid\u00e9lit\u00e9 sont aussi embl\u00e9matiques que l'EgglestonWorks Andra. Le dernier n\u00e9, l'Andra 5 succ\u00e9dant \u00e0 l\u2019Andra III SE ne d\u00e9\u00e7oit pas !","breadcrumb":{"@id":"https:\/\/exceptionaudio.fr\/site\/produit\/egglestonworks-andra-5\/#breadcrumb"},"inLanguage":"fr-FR","potentialAction":[{"@type":"ReadAction","target":["https:\/\/exceptionaudio.fr\/site\/produit\/egglestonworks-andra-5\/"]}]},{"@type":"ImageObject","inLanguage":"fr-FR","@id":"https:\/\/exceptionaudio.fr\/site\/produit\/egglestonworks-andra-5\/#primaryimage","url":"https:\/\/exceptionaudio.fr\/site\/wp-content\/uploads\/2025\/05\/Egglestonworks-Andra-5.jpg","contentUrl":"https:\/\/exceptionaudio.fr\/site\/wp-content\/uploads\/2025\/05\/Egglestonworks-Andra-5.jpg","width":1000,"height":1000,"caption":"Egglestonworks Andra 5"},{"@type":"BreadcrumbList","@id":"https:\/\/exceptionaudio.fr\/site\/produit\/egglestonworks-andra-5\/#breadcrumb","itemListElement":[{"@type":"ListItem","position":1,"name":"Accueil","item":"https:\/\/exceptionaudio.fr\/site\/"},{"@type":"ListItem","position":2,"name":"Boutique","item":"https:\/\/exceptionaudio.fr\/site\/boutique\/"},{"@type":"ListItem","position":3,"name":"EgglestonWorks Andra 5"}]},{"@type":"WebSite","@id":"https:\/\/exceptionaudio.fr\/site\/#website","url":"https:\/\/exceptionaudio.fr\/site\/","name":"Exception Audio","description":"Magasin hi-fi Antibes","publisher":{"@id":"https:\/\/exceptionaudio.fr\/site\/#organization"},"potentialAction":[{"@type":"SearchAction","target":{"@type":"EntryPoint","urlTemplate":"https:\/\/exceptionaudio.fr\/site\/?s={search_term_string}"},"query-input":{"@type":"PropertyValueSpecification","valueRequired":true,"valueName":"search_term_string"}}],"inLanguage":"fr-FR"},{"@type":"Organization","@id":"https:\/\/exceptionaudio.fr\/site\/#organization","name":"Exception Audio","url":"https:\/\/exceptionaudio.fr\/site\/","logo":{"@type":"ImageObject","inLanguage":"fr-FR","@id":"https:\/\/exceptionaudio.fr\/site\/#\/schema\/logo\/image\/","url":"https:\/\/exceptionaudio.fr\/site\/wp-content\/uploads\/2021\/10\/largeur-exception-audio-logos-noir.png","contentUrl":"https:\/\/exceptionaudio.fr\/site\/wp-content\/uploads\/2021\/10\/largeur-exception-audio-logos-noir.png","width":357,"height":54,"caption":"Exception Audio"},"image":{"@id":"https:\/\/exceptionaudio.fr\/site\/#\/schema\/logo\/image\/"},"sameAs":["https:\/\/www.facebook.com\/ExceptionAudio","https:\/\/www.instagram.com\/exception_audio\/"]}]}},"_links":{"self":[{"href":"https:\/\/exceptionaudio.fr\/site\/wp-json\/wp\/v2\/product\/9510","targetHints":{"allow":["GET"]}}],"collection":[{"href":"https:\/\/exceptionaudio.fr\/site\/wp-json\/wp\/v2\/product"}],"about":[{"href":"https:\/\/exceptionaudio.fr\/site\/wp-json\/wp\/v2\/types\/product"}],"version-history":[{"count":1,"href":"https:\/\/exceptionaudio.fr\/site\/wp-json\/wp\/v2\/product\/9510\/revisions"}],"predecessor-version":[{"id":9517,"href":"https:\/\/exceptionaudio.fr\/site\/wp-json\/wp\/v2\/product\/9510\/revisions\/9517"}],"wp:featuredmedia":[{"embeddable":true,"href":"https:\/\/exceptionaudio.fr\/site\/wp-json\/wp\/v2\/media\/9516"}],"wp:attachment":[{"href":"https:\/\/exceptionaudio.fr\/site\/wp-json\/wp\/v2\/media?parent=9510"}],"wp:term":[{"taxonomy":"product_brand","embeddable":true,"href":"https:\/\/exceptionaudio.fr\/site\/wp-json\/wp\/v2\/product_brand?post=9510"},{"taxonomy":"product_cat","embeddable":true,"href":"https:\/\/exceptionaudio.fr\/site\/wp-json\/wp\/v2\/product_cat?post=9510"},{"taxonomy":"product_tag","embeddable":true,"href":"https:\/\/exceptionaudio.fr\/site\/wp-json\/wp\/v2\/product_tag?post=9510"}],"curies":[{"name":"wp","href":"https:\/\/api.w.org\/{rel}","templated":true}]}}