{"id":9885,"date":"2026-01-07T14:25:07","date_gmt":"2026-01-07T13:25:07","guid":{"rendered":"https:\/\/exceptionaudio.fr\/site\/?post_type=product&#038;p=9885"},"modified":"2026-01-21T10:29:55","modified_gmt":"2026-01-21T09:29:55","slug":"eversolo-play","status":"publish","type":"product","link":"https:\/\/exceptionaudio.fr\/site\/produit\/eversolo-play\/","title":{"rendered":"EverSolo Play"},"content":{"rendered":"","protected":false},"excerpt":{"rendered":"<p style=\"font-weight: 400;\">L\u2019<strong>EverSolo Play<\/strong> est un <strong>amplificateur int\u00e9gr\u00e9 connect\u00e9<\/strong> con\u00e7u pour offrir \u00e0 la fois puissance, polyvalence et simplicit\u00e9 d\u2019utilisation. Il d\u00e9livre jusqu\u2019\u00e0 <strong>110 watts par canal sous 4 ohms<\/strong>. Bas\u00e9 sur le m\u00eame logiciel que les lecteurs r\u00e9seau EverSolo, il donne acc\u00e8s aux principaux <strong>services de streaming musical<\/strong> tels que <strong>Qobuz<\/strong>, <strong>TIDAL<\/strong>, <strong>Spotify<\/strong> ou m\u00eame Apple Music, et prend \u00e9galement en charge la diffusion <strong>Bluetooth<\/strong> ainsi que l\u2019int\u00e9gration Roon. Son <strong>DAC AKM<\/strong> assure une restitution pr\u00e9cise et d\u00e9taill\u00e9e, avec une compatibilit\u00e9 aux <strong>fichiers audio haute r\u00e9solution jusqu\u2019en PCM 32 bits \/ 768 kHz et DSD512 natif<\/strong>. Tr\u00e8s complet, l\u2019EverSolo Play dispose d\u2019une <strong>connectique compl\u00e8te<\/strong> permettant de raccorder aussi bien des sources analogiques que num\u00e9riques, y compris un t\u00e9l\u00e9viseur via <strong>HDMI ARC<\/strong> ou une <strong>platine vinyle<\/strong>. Pour les amateurs de supports physiques, la version <strong>EverSolo Play<\/strong> <strong>CD<\/strong> Edition int\u00e8gre un lecteur CD.<\/p>\n","protected":false},"featured_media":9886,"template":"","meta":[],"product_brand":[],"product_cat":[222,93,94],"product_tag":[297],"class_list":{"0":"post-9885","1":"product","2":"type-product","3":"status-publish","4":"has-post-thumbnail","6":"product_cat-nouveautes-hifi","7":"product_cat-amplification-hifi","8":"product_cat-amplificateurs-integres","9":"product_tag-eversolo","11":"first","12":"instock","13":"featured","14":"taxable","15":"shipping-taxable","16":"purchasable","17":"product-type-simple"},"yoast_head":"<!-- This site is optimized with the Yoast SEO plugin v27.4 - https:\/\/yoast.com\/product\/yoast-seo-wordpress\/ -->\n<title>EverSolo Play - Ampli HiFi connect\u00e9 - Exception Audio<\/title>\n<meta name=\"description\" content=\"L&#039;Eversolo Play est un ampli HiFi connect\u00e9 : 2x 110 watts, lecteur r\u00e9seau, DAC Hi-Res, \u00e9cran tactile, application iOS et Android, entr\u00e9e HDMI ARC et phono\" \/>\n<meta name=\"robots\" content=\"index, follow, max-snippet:-1, max-image-preview:large, max-video-preview:-1\" \/>\n<link rel=\"canonical\" href=\"https:\/\/exceptionaudio.fr\/site\/produit\/eversolo-play\/\" \/>\n<meta property=\"og:locale\" content=\"fr_FR\" \/>\n<meta property=\"og:type\" content=\"article\" \/>\n<meta property=\"og:title\" content=\"EverSolo Play - Ampli HiFi connect\u00e9 - Exception Audio\" \/>\n<meta property=\"og:description\" content=\"L&#039;Eversolo Play est un ampli HiFi connect\u00e9 : 2x 110 watts, lecteur r\u00e9seau, DAC Hi-Res, \u00e9cran tactile, application iOS et Android, entr\u00e9e HDMI ARC et phono\" \/>\n<meta property=\"og:url\" content=\"https:\/\/exceptionaudio.fr\/site\/produit\/eversolo-play\/\" \/>\n<meta property=\"og:site_name\" content=\"Exception Audio\" \/>\n<meta property=\"article:publisher\" content=\"https:\/\/www.facebook.com\/ExceptionAudio\" \/>\n<meta property=\"article:modified_time\" content=\"2026-01-21T09:29:55+00:00\" \/>\n<meta property=\"og:image\" content=\"https:\/\/exceptionaudio.fr\/site\/wp-content\/uploads\/2026\/01\/EverSolo-Play.jpg\" \/>\n\t<meta property=\"og:image:width\" content=\"1000\" \/>\n\t<meta property=\"og:image:height\" content=\"1000\" \/>\n\t<meta property=\"og:image:type\" content=\"image\/jpeg\" \/>\n<meta name=\"twitter:card\" content=\"summary_large_image\" \/>\n<meta name=\"twitter:label1\" content=\"Dur\u00e9e de lecture estim\u00e9e\" \/>\n\t<meta name=\"twitter:data1\" content=\"1 minute\" \/>\n<script type=\"application\/ld+json\" class=\"yoast-schema-graph\">{\"@context\":\"https:\\\/\\\/schema.org\",\"@graph\":[{\"@type\":\"WebPage\",\"@id\":\"https:\\\/\\\/exceptionaudio.fr\\\/site\\\/produit\\\/eversolo-play\\\/\",\"url\":\"https:\\\/\\\/exceptionaudio.fr\\\/site\\\/produit\\\/eversolo-play\\\/\",\"name\":\"EverSolo Play - Ampli HiFi connect\u00e9 - Exception Audio\",\"isPartOf\":{\"@id\":\"https:\\\/\\\/exceptionaudio.fr\\\/site\\\/#website\"},\"primaryImageOfPage\":{\"@id\":\"https:\\\/\\\/exceptionaudio.fr\\\/site\\\/produit\\\/eversolo-play\\\/#primaryimage\"},\"image\":{\"@id\":\"https:\\\/\\\/exceptionaudio.fr\\\/site\\\/produit\\\/eversolo-play\\\/#primaryimage\"},\"thumbnailUrl\":\"https:\\\/\\\/exceptionaudio.fr\\\/site\\\/wp-content\\\/uploads\\\/2026\\\/01\\\/EverSolo-Play.jpg\",\"datePublished\":\"2026-01-07T13:25:07+00:00\",\"dateModified\":\"2026-01-21T09:29:55+00:00\",\"description\":\"L'Eversolo Play est un ampli HiFi connect\u00e9 : 2x 110 watts, lecteur r\u00e9seau, DAC Hi-Res, \u00e9cran tactile, application iOS et Android, entr\u00e9e HDMI ARC et phono\",\"breadcrumb\":{\"@id\":\"https:\\\/\\\/exceptionaudio.fr\\\/site\\\/produit\\\/eversolo-play\\\/#breadcrumb\"},\"inLanguage\":\"fr-FR\",\"potentialAction\":[{\"@type\":\"ReadAction\",\"target\":[\"https:\\\/\\\/exceptionaudio.fr\\\/site\\\/produit\\\/eversolo-play\\\/\"]}]},{\"@type\":\"ImageObject\",\"inLanguage\":\"fr-FR\",\"@id\":\"https:\\\/\\\/exceptionaudio.fr\\\/site\\\/produit\\\/eversolo-play\\\/#primaryimage\",\"url\":\"https:\\\/\\\/exceptionaudio.fr\\\/site\\\/wp-content\\\/uploads\\\/2026\\\/01\\\/EverSolo-Play.jpg\",\"contentUrl\":\"https:\\\/\\\/exceptionaudio.fr\\\/site\\\/wp-content\\\/uploads\\\/2026\\\/01\\\/EverSolo-Play.jpg\",\"width\":1000,\"height\":1000,\"caption\":\"EverSolo Play ampli hifi int\u00e9gr\u00e9 connect\u00e9\"},{\"@type\":\"BreadcrumbList\",\"@id\":\"https:\\\/\\\/exceptionaudio.fr\\\/site\\\/produit\\\/eversolo-play\\\/#breadcrumb\",\"itemListElement\":[{\"@type\":\"ListItem\",\"position\":1,\"name\":\"Accueil\",\"item\":\"https:\\\/\\\/exceptionaudio.fr\\\/site\\\/\"},{\"@type\":\"ListItem\",\"position\":2,\"name\":\"Boutique\",\"item\":\"https:\\\/\\\/exceptionaudio.fr\\\/site\\\/boutique\\\/\"},{\"@type\":\"ListItem\",\"position\":3,\"name\":\"EverSolo Play\"}]},{\"@type\":\"WebSite\",\"@id\":\"https:\\\/\\\/exceptionaudio.fr\\\/site\\\/#website\",\"url\":\"https:\\\/\\\/exceptionaudio.fr\\\/site\\\/\",\"name\":\"Exception Audio\",\"description\":\"Magasin hi-fi Antibes\",\"publisher\":{\"@id\":\"https:\\\/\\\/exceptionaudio.fr\\\/site\\\/#organization\"},\"potentialAction\":[{\"@type\":\"SearchAction\",\"target\":{\"@type\":\"EntryPoint\",\"urlTemplate\":\"https:\\\/\\\/exceptionaudio.fr\\\/site\\\/?s={search_term_string}\"},\"query-input\":{\"@type\":\"PropertyValueSpecification\",\"valueRequired\":true,\"valueName\":\"search_term_string\"}}],\"inLanguage\":\"fr-FR\"},{\"@type\":\"Organization\",\"@id\":\"https:\\\/\\\/exceptionaudio.fr\\\/site\\\/#organization\",\"name\":\"Exception Audio\",\"url\":\"https:\\\/\\\/exceptionaudio.fr\\\/site\\\/\",\"logo\":{\"@type\":\"ImageObject\",\"inLanguage\":\"fr-FR\",\"@id\":\"https:\\\/\\\/exceptionaudio.fr\\\/site\\\/#\\\/schema\\\/logo\\\/image\\\/\",\"url\":\"https:\\\/\\\/exceptionaudio.fr\\\/site\\\/wp-content\\\/uploads\\\/2021\\\/10\\\/largeur-exception-audio-logos-noir.png\",\"contentUrl\":\"https:\\\/\\\/exceptionaudio.fr\\\/site\\\/wp-content\\\/uploads\\\/2021\\\/10\\\/largeur-exception-audio-logos-noir.png\",\"width\":357,\"height\":54,\"caption\":\"Exception Audio\"},\"image\":{\"@id\":\"https:\\\/\\\/exceptionaudio.fr\\\/site\\\/#\\\/schema\\\/logo\\\/image\\\/\"},\"sameAs\":[\"https:\\\/\\\/www.facebook.com\\\/ExceptionAudio\",\"https:\\\/\\\/www.instagram.com\\\/exception_audio\\\/\"]}]}<\/script>\n<!-- \/ Yoast SEO plugin. -->","yoast_head_json":{"title":"EverSolo Play - Ampli HiFi connect\u00e9 - Exception Audio","description":"L'Eversolo Play est un ampli HiFi connect\u00e9 : 2x 110 watts, lecteur r\u00e9seau, DAC Hi-Res, \u00e9cran tactile, application iOS et Android, entr\u00e9e HDMI ARC et phono","robots":{"index":"index","follow":"follow","max-snippet":"max-snippet:-1","max-image-preview":"max-image-preview:large","max-video-preview":"max-video-preview:-1"},"canonical":"https:\/\/exceptionaudio.fr\/site\/produit\/eversolo-play\/","og_locale":"fr_FR","og_type":"article","og_title":"EverSolo Play - Ampli HiFi connect\u00e9 - Exception Audio","og_description":"L'Eversolo Play est un ampli HiFi connect\u00e9 : 2x 110 watts, lecteur r\u00e9seau, DAC Hi-Res, \u00e9cran tactile, application iOS et Android, entr\u00e9e HDMI ARC et phono","og_url":"https:\/\/exceptionaudio.fr\/site\/produit\/eversolo-play\/","og_site_name":"Exception Audio","article_publisher":"https:\/\/www.facebook.com\/ExceptionAudio","article_modified_time":"2026-01-21T09:29:55+00:00","og_image":[{"width":1000,"height":1000,"url":"https:\/\/exceptionaudio.fr\/site\/wp-content\/uploads\/2026\/01\/EverSolo-Play.jpg","type":"image\/jpeg"}],"twitter_card":"summary_large_image","twitter_misc":{"Dur\u00e9e de lecture estim\u00e9e":"1 minute"},"schema":{"@context":"https:\/\/schema.org","@graph":[{"@type":"WebPage","@id":"https:\/\/exceptionaudio.fr\/site\/produit\/eversolo-play\/","url":"https:\/\/exceptionaudio.fr\/site\/produit\/eversolo-play\/","name":"EverSolo Play - Ampli HiFi connect\u00e9 - Exception Audio","isPartOf":{"@id":"https:\/\/exceptionaudio.fr\/site\/#website"},"primaryImageOfPage":{"@id":"https:\/\/exceptionaudio.fr\/site\/produit\/eversolo-play\/#primaryimage"},"image":{"@id":"https:\/\/exceptionaudio.fr\/site\/produit\/eversolo-play\/#primaryimage"},"thumbnailUrl":"https:\/\/exceptionaudio.fr\/site\/wp-content\/uploads\/2026\/01\/EverSolo-Play.jpg","datePublished":"2026-01-07T13:25:07+00:00","dateModified":"2026-01-21T09:29:55+00:00","description":"L'Eversolo Play est un ampli HiFi connect\u00e9 : 2x 110 watts, lecteur r\u00e9seau, DAC Hi-Res, \u00e9cran tactile, application iOS et Android, entr\u00e9e HDMI ARC et phono","breadcrumb":{"@id":"https:\/\/exceptionaudio.fr\/site\/produit\/eversolo-play\/#breadcrumb"},"inLanguage":"fr-FR","potentialAction":[{"@type":"ReadAction","target":["https:\/\/exceptionaudio.fr\/site\/produit\/eversolo-play\/"]}]},{"@type":"ImageObject","inLanguage":"fr-FR","@id":"https:\/\/exceptionaudio.fr\/site\/produit\/eversolo-play\/#primaryimage","url":"https:\/\/exceptionaudio.fr\/site\/wp-content\/uploads\/2026\/01\/EverSolo-Play.jpg","contentUrl":"https:\/\/exceptionaudio.fr\/site\/wp-content\/uploads\/2026\/01\/EverSolo-Play.jpg","width":1000,"height":1000,"caption":"EverSolo Play ampli hifi int\u00e9gr\u00e9 connect\u00e9"},{"@type":"BreadcrumbList","@id":"https:\/\/exceptionaudio.fr\/site\/produit\/eversolo-play\/#breadcrumb","itemListElement":[{"@type":"ListItem","position":1,"name":"Accueil","item":"https:\/\/exceptionaudio.fr\/site\/"},{"@type":"ListItem","position":2,"name":"Boutique","item":"https:\/\/exceptionaudio.fr\/site\/boutique\/"},{"@type":"ListItem","position":3,"name":"EverSolo Play"}]},{"@type":"WebSite","@id":"https:\/\/exceptionaudio.fr\/site\/#website","url":"https:\/\/exceptionaudio.fr\/site\/","name":"Exception Audio","description":"Magasin hi-fi Antibes","publisher":{"@id":"https:\/\/exceptionaudio.fr\/site\/#organization"},"potentialAction":[{"@type":"SearchAction","target":{"@type":"EntryPoint","urlTemplate":"https:\/\/exceptionaudio.fr\/site\/?s={search_term_string}"},"query-input":{"@type":"PropertyValueSpecification","valueRequired":true,"valueName":"search_term_string"}}],"inLanguage":"fr-FR"},{"@type":"Organization","@id":"https:\/\/exceptionaudio.fr\/site\/#organization","name":"Exception Audio","url":"https:\/\/exceptionaudio.fr\/site\/","logo":{"@type":"ImageObject","inLanguage":"fr-FR","@id":"https:\/\/exceptionaudio.fr\/site\/#\/schema\/logo\/image\/","url":"https:\/\/exceptionaudio.fr\/site\/wp-content\/uploads\/2021\/10\/largeur-exception-audio-logos-noir.png","contentUrl":"https:\/\/exceptionaudio.fr\/site\/wp-content\/uploads\/2021\/10\/largeur-exception-audio-logos-noir.png","width":357,"height":54,"caption":"Exception Audio"},"image":{"@id":"https:\/\/exceptionaudio.fr\/site\/#\/schema\/logo\/image\/"},"sameAs":["https:\/\/www.facebook.com\/ExceptionAudio","https:\/\/www.instagram.com\/exception_audio\/"]}]}},"_links":{"self":[{"href":"https:\/\/exceptionaudio.fr\/site\/wp-json\/wp\/v2\/product\/9885","targetHints":{"allow":["GET"]}}],"collection":[{"href":"https:\/\/exceptionaudio.fr\/site\/wp-json\/wp\/v2\/product"}],"about":[{"href":"https:\/\/exceptionaudio.fr\/site\/wp-json\/wp\/v2\/types\/product"}],"version-history":[{"count":1,"href":"https:\/\/exceptionaudio.fr\/site\/wp-json\/wp\/v2\/product\/9885\/revisions"}],"predecessor-version":[{"id":9888,"href":"https:\/\/exceptionaudio.fr\/site\/wp-json\/wp\/v2\/product\/9885\/revisions\/9888"}],"wp:featuredmedia":[{"embeddable":true,"href":"https:\/\/exceptionaudio.fr\/site\/wp-json\/wp\/v2\/media\/9886"}],"wp:attachment":[{"href":"https:\/\/exceptionaudio.fr\/site\/wp-json\/wp\/v2\/media?parent=9885"}],"wp:term":[{"taxonomy":"product_brand","embeddable":true,"href":"https:\/\/exceptionaudio.fr\/site\/wp-json\/wp\/v2\/product_brand?post=9885"},{"taxonomy":"product_cat","embeddable":true,"href":"https:\/\/exceptionaudio.fr\/site\/wp-json\/wp\/v2\/product_cat?post=9885"},{"taxonomy":"product_tag","embeddable":true,"href":"https:\/\/exceptionaudio.fr\/site\/wp-json\/wp\/v2\/product_tag?post=9885"}],"curies":[{"name":"wp","href":"https:\/\/api.w.org\/{rel}","templated":true}]}}