{"id":9971,"date":"2026-02-23T18:38:23","date_gmt":"2026-02-23T17:38:23","guid":{"rendered":"https:\/\/exceptionaudio.fr\/site\/?post_type=product&#038;p=9971"},"modified":"2026-02-23T18:50:16","modified_gmt":"2026-02-23T17:50:16","slug":"canor-audio-virtus-i4s","status":"publish","type":"product","link":"https:\/\/exceptionaudio.fr\/site\/produit\/canor-audio-virtus-i4s\/","title":{"rendered":"Canor Audio Virtus I4S"},"content":{"rendered":"","protected":false},"excerpt":{"rendered":"<p style=\"font-weight: 400;\">Le <strong>Virtus I4S<\/strong> marque l\u2019arriv\u00e9e d\u2019une <strong>nouvelle g\u00e9n\u00e9ration d\u2019amplificateurs int\u00e9gr\u00e9s<\/strong> enti\u00e8rement \u00e0 transistors chez le sp\u00e9cialiste slovaque <a href=\"https:\/\/exceptionaudio.fr\/site\/etiquette-produit\/canor-audio\/\">Canor Audio<\/a>. Il adopte une <strong>conception moderne<\/strong> autour d\u2019une <strong>architecture double mono<\/strong> enti\u00e8rement discr\u00e8te, une <strong>alimentation surdimensionn\u00e9e<\/strong> avec une capacit\u00e9 de filtrage de <strong>40 000 \u00b5F<\/strong> pour d\u00e9velopper <strong>2x 75 Watts sous 8 ohms<\/strong>. Il int\u00e8gre \u00e9galement une <strong>entr\u00e9e phono MM et MC<\/strong> configurable ainsi qu\u2019une s<strong>ortie casque<\/strong>. Cet ampli int\u00e9gr\u00e9 combine performance, <strong>musicalit\u00e9<\/strong> et <strong>polyvalence<\/strong> dans un seul appareil.<\/p>\n","protected":false},"featured_media":9974,"template":"","meta":[],"product_brand":[],"product_cat":[93,94],"product_tag":[316],"class_list":{"0":"post-9971","1":"product","2":"type-product","3":"status-publish","4":"has-post-thumbnail","6":"product_cat-amplification-hifi","7":"product_cat-amplificateurs-integres","8":"product_tag-canor-audio","10":"first","11":"instock","12":"taxable","13":"shipping-taxable","14":"purchasable","15":"product-type-variable"},"yoast_head":"<!-- This site is optimized with the Yoast SEO plugin v27.4 - https:\/\/yoast.com\/product\/yoast-seo-wordpress\/ -->\n<title>Canor Audio Virtus I4S - Amplificateur int\u00e9gr\u00e9 - Exception Audio<\/title>\n<meta name=\"description\" content=\"Le Canor Audio Virtus I4S est un ampli int\u00e9gr\u00e9 double mono avec une alimentation surdimensionn\u00e9e. Il int\u00e8gre une entr\u00e9e phono MM et MC et un ampli casque.\" \/>\n<meta name=\"robots\" content=\"index, follow, max-snippet:-1, max-image-preview:large, max-video-preview:-1\" \/>\n<link rel=\"canonical\" href=\"https:\/\/exceptionaudio.fr\/site\/produit\/canor-audio-virtus-i4s\/\" \/>\n<meta property=\"og:locale\" content=\"fr_FR\" \/>\n<meta property=\"og:type\" content=\"article\" \/>\n<meta property=\"og:title\" content=\"Canor Audio Virtus I4S - Amplificateur int\u00e9gr\u00e9 - Exception Audio\" \/>\n<meta property=\"og:description\" content=\"Le Canor Audio Virtus I4S est un ampli int\u00e9gr\u00e9 double mono avec une alimentation surdimensionn\u00e9e. Il int\u00e8gre une entr\u00e9e phono MM et MC et un ampli casque.\" \/>\n<meta property=\"og:url\" content=\"https:\/\/exceptionaudio.fr\/site\/produit\/canor-audio-virtus-i4s\/\" \/>\n<meta property=\"og:site_name\" content=\"Exception Audio\" \/>\n<meta property=\"article:publisher\" content=\"https:\/\/www.facebook.com\/ExceptionAudio\" \/>\n<meta property=\"article:modified_time\" content=\"2026-02-23T17:50:16+00:00\" \/>\n<meta property=\"og:image\" content=\"https:\/\/exceptionaudio.fr\/site\/wp-content\/uploads\/2026\/02\/Canor-Virtus-I4S-Silver.jpg\" \/>\n\t<meta property=\"og:image:width\" content=\"1000\" \/>\n\t<meta property=\"og:image:height\" content=\"1000\" \/>\n\t<meta property=\"og:image:type\" content=\"image\/jpeg\" \/>\n<meta name=\"twitter:card\" content=\"summary_large_image\" \/>\n<meta name=\"twitter:label1\" content=\"Dur\u00e9e de lecture estim\u00e9e\" \/>\n\t<meta name=\"twitter:data1\" content=\"1 minute\" \/>\n<script type=\"application\/ld+json\" class=\"yoast-schema-graph\">{\"@context\":\"https:\\\/\\\/schema.org\",\"@graph\":[{\"@type\":\"WebPage\",\"@id\":\"https:\\\/\\\/exceptionaudio.fr\\\/site\\\/produit\\\/canor-audio-virtus-i4s\\\/\",\"url\":\"https:\\\/\\\/exceptionaudio.fr\\\/site\\\/produit\\\/canor-audio-virtus-i4s\\\/\",\"name\":\"Canor Audio Virtus I4S - Amplificateur int\u00e9gr\u00e9 - Exception Audio\",\"isPartOf\":{\"@id\":\"https:\\\/\\\/exceptionaudio.fr\\\/site\\\/#website\"},\"primaryImageOfPage\":{\"@id\":\"https:\\\/\\\/exceptionaudio.fr\\\/site\\\/produit\\\/canor-audio-virtus-i4s\\\/#primaryimage\"},\"image\":{\"@id\":\"https:\\\/\\\/exceptionaudio.fr\\\/site\\\/produit\\\/canor-audio-virtus-i4s\\\/#primaryimage\"},\"thumbnailUrl\":\"https:\\\/\\\/exceptionaudio.fr\\\/site\\\/wp-content\\\/uploads\\\/2026\\\/02\\\/Canor-Virtus-I4S-Silver.jpg\",\"datePublished\":\"2026-02-23T17:38:23+00:00\",\"dateModified\":\"2026-02-23T17:50:16+00:00\",\"description\":\"Le Canor Audio Virtus I4S est un ampli int\u00e9gr\u00e9 double mono avec une alimentation surdimensionn\u00e9e. Il int\u00e8gre une entr\u00e9e phono MM et MC et un ampli casque.\",\"breadcrumb\":{\"@id\":\"https:\\\/\\\/exceptionaudio.fr\\\/site\\\/produit\\\/canor-audio-virtus-i4s\\\/#breadcrumb\"},\"inLanguage\":\"fr-FR\",\"potentialAction\":[{\"@type\":\"ReadAction\",\"target\":[\"https:\\\/\\\/exceptionaudio.fr\\\/site\\\/produit\\\/canor-audio-virtus-i4s\\\/\"]}]},{\"@type\":\"ImageObject\",\"inLanguage\":\"fr-FR\",\"@id\":\"https:\\\/\\\/exceptionaudio.fr\\\/site\\\/produit\\\/canor-audio-virtus-i4s\\\/#primaryimage\",\"url\":\"https:\\\/\\\/exceptionaudio.fr\\\/site\\\/wp-content\\\/uploads\\\/2026\\\/02\\\/Canor-Virtus-I4S-Silver.jpg\",\"contentUrl\":\"https:\\\/\\\/exceptionaudio.fr\\\/site\\\/wp-content\\\/uploads\\\/2026\\\/02\\\/Canor-Virtus-I4S-Silver.jpg\",\"width\":1000,\"height\":1000,\"caption\":\"Canor Virtus I4S Silver ampli hifi int\u00e9gr\u00e9\"},{\"@type\":\"BreadcrumbList\",\"@id\":\"https:\\\/\\\/exceptionaudio.fr\\\/site\\\/produit\\\/canor-audio-virtus-i4s\\\/#breadcrumb\",\"itemListElement\":[{\"@type\":\"ListItem\",\"position\":1,\"name\":\"Accueil\",\"item\":\"https:\\\/\\\/exceptionaudio.fr\\\/site\\\/\"},{\"@type\":\"ListItem\",\"position\":2,\"name\":\"Boutique\",\"item\":\"https:\\\/\\\/exceptionaudio.fr\\\/site\\\/boutique\\\/\"},{\"@type\":\"ListItem\",\"position\":3,\"name\":\"Canor Audio Virtus I4S\"}]},{\"@type\":\"WebSite\",\"@id\":\"https:\\\/\\\/exceptionaudio.fr\\\/site\\\/#website\",\"url\":\"https:\\\/\\\/exceptionaudio.fr\\\/site\\\/\",\"name\":\"Exception Audio\",\"description\":\"Magasin hi-fi Antibes\",\"publisher\":{\"@id\":\"https:\\\/\\\/exceptionaudio.fr\\\/site\\\/#organization\"},\"potentialAction\":[{\"@type\":\"SearchAction\",\"target\":{\"@type\":\"EntryPoint\",\"urlTemplate\":\"https:\\\/\\\/exceptionaudio.fr\\\/site\\\/?s={search_term_string}\"},\"query-input\":{\"@type\":\"PropertyValueSpecification\",\"valueRequired\":true,\"valueName\":\"search_term_string\"}}],\"inLanguage\":\"fr-FR\"},{\"@type\":\"Organization\",\"@id\":\"https:\\\/\\\/exceptionaudio.fr\\\/site\\\/#organization\",\"name\":\"Exception Audio\",\"url\":\"https:\\\/\\\/exceptionaudio.fr\\\/site\\\/\",\"logo\":{\"@type\":\"ImageObject\",\"inLanguage\":\"fr-FR\",\"@id\":\"https:\\\/\\\/exceptionaudio.fr\\\/site\\\/#\\\/schema\\\/logo\\\/image\\\/\",\"url\":\"https:\\\/\\\/exceptionaudio.fr\\\/site\\\/wp-content\\\/uploads\\\/2021\\\/10\\\/largeur-exception-audio-logos-noir.png\",\"contentUrl\":\"https:\\\/\\\/exceptionaudio.fr\\\/site\\\/wp-content\\\/uploads\\\/2021\\\/10\\\/largeur-exception-audio-logos-noir.png\",\"width\":357,\"height\":54,\"caption\":\"Exception Audio\"},\"image\":{\"@id\":\"https:\\\/\\\/exceptionaudio.fr\\\/site\\\/#\\\/schema\\\/logo\\\/image\\\/\"},\"sameAs\":[\"https:\\\/\\\/www.facebook.com\\\/ExceptionAudio\",\"https:\\\/\\\/www.instagram.com\\\/exception_audio\\\/\"]}]}<\/script>\n<!-- \/ Yoast SEO plugin. -->","yoast_head_json":{"title":"Canor Audio Virtus I4S - Amplificateur int\u00e9gr\u00e9 - Exception Audio","description":"Le Canor Audio Virtus I4S est un ampli int\u00e9gr\u00e9 double mono avec une alimentation surdimensionn\u00e9e. Il int\u00e8gre une entr\u00e9e phono MM et MC et un ampli casque.","robots":{"index":"index","follow":"follow","max-snippet":"max-snippet:-1","max-image-preview":"max-image-preview:large","max-video-preview":"max-video-preview:-1"},"canonical":"https:\/\/exceptionaudio.fr\/site\/produit\/canor-audio-virtus-i4s\/","og_locale":"fr_FR","og_type":"article","og_title":"Canor Audio Virtus I4S - Amplificateur int\u00e9gr\u00e9 - Exception Audio","og_description":"Le Canor Audio Virtus I4S est un ampli int\u00e9gr\u00e9 double mono avec une alimentation surdimensionn\u00e9e. Il int\u00e8gre une entr\u00e9e phono MM et MC et un ampli casque.","og_url":"https:\/\/exceptionaudio.fr\/site\/produit\/canor-audio-virtus-i4s\/","og_site_name":"Exception Audio","article_publisher":"https:\/\/www.facebook.com\/ExceptionAudio","article_modified_time":"2026-02-23T17:50:16+00:00","og_image":[{"width":1000,"height":1000,"url":"https:\/\/exceptionaudio.fr\/site\/wp-content\/uploads\/2026\/02\/Canor-Virtus-I4S-Silver.jpg","type":"image\/jpeg"}],"twitter_card":"summary_large_image","twitter_misc":{"Dur\u00e9e de lecture estim\u00e9e":"1 minute"},"schema":{"@context":"https:\/\/schema.org","@graph":[{"@type":"WebPage","@id":"https:\/\/exceptionaudio.fr\/site\/produit\/canor-audio-virtus-i4s\/","url":"https:\/\/exceptionaudio.fr\/site\/produit\/canor-audio-virtus-i4s\/","name":"Canor Audio Virtus I4S - Amplificateur int\u00e9gr\u00e9 - Exception Audio","isPartOf":{"@id":"https:\/\/exceptionaudio.fr\/site\/#website"},"primaryImageOfPage":{"@id":"https:\/\/exceptionaudio.fr\/site\/produit\/canor-audio-virtus-i4s\/#primaryimage"},"image":{"@id":"https:\/\/exceptionaudio.fr\/site\/produit\/canor-audio-virtus-i4s\/#primaryimage"},"thumbnailUrl":"https:\/\/exceptionaudio.fr\/site\/wp-content\/uploads\/2026\/02\/Canor-Virtus-I4S-Silver.jpg","datePublished":"2026-02-23T17:38:23+00:00","dateModified":"2026-02-23T17:50:16+00:00","description":"Le Canor Audio Virtus I4S est un ampli int\u00e9gr\u00e9 double mono avec une alimentation surdimensionn\u00e9e. Il int\u00e8gre une entr\u00e9e phono MM et MC et un ampli casque.","breadcrumb":{"@id":"https:\/\/exceptionaudio.fr\/site\/produit\/canor-audio-virtus-i4s\/#breadcrumb"},"inLanguage":"fr-FR","potentialAction":[{"@type":"ReadAction","target":["https:\/\/exceptionaudio.fr\/site\/produit\/canor-audio-virtus-i4s\/"]}]},{"@type":"ImageObject","inLanguage":"fr-FR","@id":"https:\/\/exceptionaudio.fr\/site\/produit\/canor-audio-virtus-i4s\/#primaryimage","url":"https:\/\/exceptionaudio.fr\/site\/wp-content\/uploads\/2026\/02\/Canor-Virtus-I4S-Silver.jpg","contentUrl":"https:\/\/exceptionaudio.fr\/site\/wp-content\/uploads\/2026\/02\/Canor-Virtus-I4S-Silver.jpg","width":1000,"height":1000,"caption":"Canor Virtus I4S Silver ampli hifi int\u00e9gr\u00e9"},{"@type":"BreadcrumbList","@id":"https:\/\/exceptionaudio.fr\/site\/produit\/canor-audio-virtus-i4s\/#breadcrumb","itemListElement":[{"@type":"ListItem","position":1,"name":"Accueil","item":"https:\/\/exceptionaudio.fr\/site\/"},{"@type":"ListItem","position":2,"name":"Boutique","item":"https:\/\/exceptionaudio.fr\/site\/boutique\/"},{"@type":"ListItem","position":3,"name":"Canor Audio Virtus I4S"}]},{"@type":"WebSite","@id":"https:\/\/exceptionaudio.fr\/site\/#website","url":"https:\/\/exceptionaudio.fr\/site\/","name":"Exception Audio","description":"Magasin hi-fi Antibes","publisher":{"@id":"https:\/\/exceptionaudio.fr\/site\/#organization"},"potentialAction":[{"@type":"SearchAction","target":{"@type":"EntryPoint","urlTemplate":"https:\/\/exceptionaudio.fr\/site\/?s={search_term_string}"},"query-input":{"@type":"PropertyValueSpecification","valueRequired":true,"valueName":"search_term_string"}}],"inLanguage":"fr-FR"},{"@type":"Organization","@id":"https:\/\/exceptionaudio.fr\/site\/#organization","name":"Exception Audio","url":"https:\/\/exceptionaudio.fr\/site\/","logo":{"@type":"ImageObject","inLanguage":"fr-FR","@id":"https:\/\/exceptionaudio.fr\/site\/#\/schema\/logo\/image\/","url":"https:\/\/exceptionaudio.fr\/site\/wp-content\/uploads\/2021\/10\/largeur-exception-audio-logos-noir.png","contentUrl":"https:\/\/exceptionaudio.fr\/site\/wp-content\/uploads\/2021\/10\/largeur-exception-audio-logos-noir.png","width":357,"height":54,"caption":"Exception Audio"},"image":{"@id":"https:\/\/exceptionaudio.fr\/site\/#\/schema\/logo\/image\/"},"sameAs":["https:\/\/www.facebook.com\/ExceptionAudio","https:\/\/www.instagram.com\/exception_audio\/"]}]}},"_links":{"self":[{"href":"https:\/\/exceptionaudio.fr\/site\/wp-json\/wp\/v2\/product\/9971","targetHints":{"allow":["GET"]}}],"collection":[{"href":"https:\/\/exceptionaudio.fr\/site\/wp-json\/wp\/v2\/product"}],"about":[{"href":"https:\/\/exceptionaudio.fr\/site\/wp-json\/wp\/v2\/types\/product"}],"version-history":[{"count":1,"href":"https:\/\/exceptionaudio.fr\/site\/wp-json\/wp\/v2\/product\/9971\/revisions"}],"predecessor-version":[{"id":9978,"href":"https:\/\/exceptionaudio.fr\/site\/wp-json\/wp\/v2\/product\/9971\/revisions\/9978"}],"wp:featuredmedia":[{"embeddable":true,"href":"https:\/\/exceptionaudio.fr\/site\/wp-json\/wp\/v2\/media\/9974"}],"wp:attachment":[{"href":"https:\/\/exceptionaudio.fr\/site\/wp-json\/wp\/v2\/media?parent=9971"}],"wp:term":[{"taxonomy":"product_brand","embeddable":true,"href":"https:\/\/exceptionaudio.fr\/site\/wp-json\/wp\/v2\/product_brand?post=9971"},{"taxonomy":"product_cat","embeddable":true,"href":"https:\/\/exceptionaudio.fr\/site\/wp-json\/wp\/v2\/product_cat?post=9971"},{"taxonomy":"product_tag","embeddable":true,"href":"https:\/\/exceptionaudio.fr\/site\/wp-json\/wp\/v2\/product_tag?post=9971"}],"curies":[{"name":"wp","href":"https:\/\/api.w.org\/{rel}","templated":true}]}}